o be (-1)/(6 + (-65)/10). Suppose q + 1612 = 5*s, -351 = -2*s - o*q + 301. List the prime factors of s.
17, 19
Let y = 24415 - 12693. List the prime factors of y.
2, 5861
Suppose 561*u = -2*h + 562*u + 1217, 2*u - 14 = 0. What are the prime factors of h?
2, 3, 17
Suppose 17*s + 30 = 3*i + 14*s, -3*i + 22 = s. List the prime factors of (i/(16/98))/(1/3).
3, 7
Let h be ((-25)/(-5))/(-5)*-55. Suppose 11*b - h = -0. List the prime factors of b.
5
Let k(q) = 655*q**2 - 5*q + 3. Let a be k(1). Let g = a - 547. List the prime factors of g.
2, 53
Suppose -137*y = -135*y - 404. Suppose i + 98 = x, 8*x + y = 10*x + i. List the prime factors of x.
2, 5
Let k(f) = f**3 + 31*f**2 - 64*f + 70. Let r be k(-33). Suppose r*m + 3*q = 3355, -3*m - 5*q = -4*q - 2515. List the prime factors of m.
2, 419
Let k = -10704 + 17925. List the prime factors of k.
3, 29, 83
Let a(z) = 4*z - 3. Let f be a(0). Let b be 2 + (f - (-5 - -2)). Suppose -4*v = b*w + 19 - 163, -v + 72 = w. List the prime factors of w.
2, 3
Let r be 4 + -1 - (-3399 + 6) - 0. Suppose 0 = 3*l + 2*k - 2547, 0 = 6*l - 2*l + 4*k - r. Suppose -8*p + 375 + l = 0. List the prime factors of p.
3, 17
Let y(i) be the first derivative of 7*i**2/2 - 14*i - 5. Let h = 72 - 64. List the prime factors of y(h).
2, 3, 7
Suppose 5 = -4*u + 5*p + 17, 4*u - 4*p - 12 = 0. Suppose 4*x + 2006 = 2*z, -14*z + 18*z + u*x - 3990 = 0. List the prime factors of z.
3, 37
Suppose 7*q - 40*q + 74151 = 0. What are the prime factors of q?
3, 7, 107
What are the prime factors of (25 - 27)*(1 + -2) + 14844?
2, 13, 571
Let i(u) = -1185*u - 9938. What are the prime factors of i(-78)?
2, 41, 503
Let q(x) be the first derivative of -4*x**3/3 - 7*x**2 + 21*x - 3. Let c(v) be the first derivative of q(v). What are the prime factors of c(-9)?
2, 29
Let i(s) = 4*s**3 + s**2 - s - 1. Let l be i(1). Suppose -2*h + 1 = l. What are the prime factors of h - ((-2)/(-4) + (-564)/8)?
3, 23
Suppose 3*z - 8 = 4*x, 5 = -5*z + x + 2*x. Let f be -8 - -4 - (z + 2 + -2). Suppose 6*h - 3*h - 642 = f. List the prime factors of h.
2, 107
Let p(q) be the second derivative of 0 - 5/6*q**3 + 18*q - 1/6*q**4 + 4*q**2 + 1/20*q**5. What are the prime factors of p(6)?
2, 61
Suppose 2*v = 4*v - 8. Let t(g) = -119*g - 395. Let w be t(-4). Suppose -u = -v*u + w. List the prime factors of u.
3
Suppose -5*t + 7*t + 11872 = 3*y, -11864 = -3*y + 4*t. What are the prime factors of y?
2, 3, 5, 11
Let f(t) = 242*t**3 - 40*t**2 + 105*t + 13. What are the prime factors of f(6)?
5, 29, 71
Suppose -3*t = -9, -t + 142 + 316 = v. Let l be (-2 - -15)*(-14)/(-14). Suppose -8*y - v = -l*y. What are the prime factors of y?
7, 13
Suppose -898 - 3022 = -f + p, 5*p = 3*f - 11770. Let g = f + -2384. List the prime factors of g.
1531
Suppose 6*c - 19 = 131. Let y = c + 119. List the prime factors of y.
2, 3
Let p(j) = 23*j**2 - 318*j - 3663. List the prime factors of p(-12).
3, 5, 7, 11
Let h be -8*(-1 + (-24)/6). Suppose -185 = -y + h. What are the prime factors of y?
3, 5
Let h(c) = -4*c + 1. Let f be h(1). Let n be (-4 - (f + -117)) + 0. Suppose g - 5*p - 65 = 0, -4*p + n = 2*g - 0*g. What are the prime factors of g?
2, 3, 5
Let f = -19 + 19. Suppose f*p = -p - 4*o + 21, 5*o = -2*p + 33. Suppose 0 = -2*k - 5*w - p + 109, 4*k - 2*w = 224. What are the prime factors of k?
5, 11
Let i(h) = 26*h**2 - 291*h - 118. List the prime factors of i(34).
2, 5011
Suppose -3 + 13 = 2*g. Suppose -5*d + x = -715, -g*x - 151 = -4*d + 400. What are the prime factors of d?
2, 3
Let b be ((-1490)/(-1))/((-7)/(-7)). Suppose -b - 386 = 14*t. Let j = 196 + t. List the prime factors of j.
2, 31
Let h(t) = 11*t - 275. Let j(u) = -2*u - 1. Let q(a) = -h(a) - 5*j(a). List the prime factors of q(0).
2, 5, 7
Let u(s) = -s**3 + 7*s**2 - s + 10. Let p be u(5). Suppose 0 = 3*q - 4*t - p, -2*t + 45 + 40 = 3*q. Suppose -7*n + q + 3 = 0. List the prime factors of n.
2
Let w(m) = 111*m + 146. Let q(j) = 28*j + 37. Let c(h) = 22*q(h) - 6*w(h). List the prime factors of c(-33).
2, 397
Let i(x) = 19*x**2 + 23*x**2 - 40*x**2 + 3*x - 47. What are the prime factors of i(-19)?
2, 3, 103
Let r(x) = x**3 + 18*x**2 - 6*x - 19. Let k = 166 - 121. Let l be ((-30)/25)/(3*1/k). List the prime factors of r(l).
89
Let k = 1576 - 1102. Suppose -245 = -25*q - 10*q. Suppose q*s = s + k. What are the prime factors of s?
79
Suppose -21803 = -3*z + 12541. Suppose -22*y - 2*y = -z. What are the prime factors of y?
3, 53
List the prime factors of -5 + 6316 + 17/(51/24).
71, 89
Let c = 17 - 18. Let p(r) = 79*r + 4. Let m be p(c). What are the prime factors of ((-108)/(-15))/((-10)/m)?
2, 3
Let z = 482 - 495. Let s(c) = 4*c**2 - 11*c + 7. List the prime factors of s(z).
2, 7, 59
Suppose 3*v = -2*n + 43662, -2*v - n + 22912 + 6195 = 0. What are the prime factors of v?
2, 17, 107
Let k(m) = -68*m - 28 - 46*m - 38 + 15. List the prime factors of k(-6).
3, 211
Suppose -4*g - 2*i + 53 = -9, 2*g - 41 = -3*i. Suppose -12*u + 5400 = g*u. What are the prime factors of u?
2, 3
Let h = 12927 + 9557. List the prime factors of h.
2, 7, 11, 73
Let b be (-2)/6 - (-1 - 6609/9). Suppose -2*l - 4*d = 3*l - b, -10 = -2*d. Suppose -l = -m - w, 2*w = -2*m + 6*w + 316. What are the prime factors of m?
2, 37
Let y(h) = -h**3 + 16*h**2 - 13*h + 9. Let g = 92 - 77. Let b be y(g). Suppose -41*a + 168 = -b*a. List the prime factors of a.
2, 3, 7
Let o(f) = -5 - 5*f**3 - 5*f - 33*f**3 + f**2 + 0*f**3. Let b be o(-2). Suppose -u - 2*r + 80 = 0, -2*r + 3*r - b = -4*u. List the prime factors of u.
2, 3, 13
Let y(c) = 38767 - 16*c**3 - 5*c - 38759 + 0*c**2 - 4*c**2. What are the prime factors of y(-3)?
419
Suppose 0 = 5*l, 0 = 4*z - 5*z - 2*l + 143. Let s = -76 + z. List the prime factors of s.
67
Suppose 3*q - 32 = -5*q. Suppose -2*g = -4*g + q. Let h(x) = 82*x - 7. What are the prime factors of h(g)?
157
Suppose 0 = 77*t - 85*t - 200. List the prime factors of 64*t/(-10) + 8.
2, 3, 7
Let c(x) = -2*x + 6. Let s be c(-13). Let j = -30 + s. Suppose 4*u + u + 2*a = 131, 0 = j*a - 6. List the prime factors of u.
5
Suppose -13*c = 4*c + 39351 - 222560. List the prime factors of c.
13, 829
Suppose -11*a = -84 + 7. Suppose 488 = a*o - 4153. What are the prime factors of o?
3, 13, 17
Suppose 0 = 3*u + 4*l - 17628, -3860 = 2*u + 3*l - 15611. List the prime factors of u.
2, 3, 5, 7
Let m be -375*(-1*1 + (-22)/(-55)). List the prime factors of ((-8)/5)/(3 - 693/m).
2, 5
Suppose 4668 = 2*p + 5*t, -5*p - 5*t = -2*p - 7007. List the prime factors of p.
2339
Let c = 19 - 10. Suppose f + 6 - c = 0. Suppose f*l - 5*l = -108. List the prime factors of l.
2, 3
Let v be ((-4)/12)/((-3)/9). List the prime factors of v/(0 + (-5)/(-530)).
2, 53
Let d = 59 + -44. Let x(j) = 3*j**2 + 2*j - 6. What are the prime factors of x(d)?
3, 233
Suppose 3*k = -72*q + 76*q - 151343, -5*q + k + 189198 = 0. List the prime factors of q.
79, 479
Let q(c) = 10*c**2 + 8*c + 2. Suppose 2*w = 453 - 437. List the prime factors of q(w).
2, 353
Let a(v) = 138*v**2 + 3*v + 24. Let n be a(6). Let f = n - 3082. What are the prime factors of f?
2, 241
Let g be (-4)/6*132/8. Let p = 11 - 20. Let b = p - g. List the prime factors of b.
2
Suppose 55*m - 1797120 = 11*m + 8*m. List the prime factors of m.
2, 3, 5, 13
Let h = 182 - -258. Suppose -29*j = -28*j - h. List the prime factors of j.
2, 5, 11
Suppose 3*v + 5*i = -10, i = -3*v - 2*i - 6. Suppose 5*d - 242 + 17 = -r, -2*r + 3*d + 463 = v. What are the prime factors of r?
2, 5, 23
Let o be -1 - -1082 - (-10)/(-5 - -10). Suppose 10*n + o = 5283. List the prime factors of n.
2, 3, 5, 7
Suppose -r - 13875 = -3*b + r, -18502 = -4*b + 2*r. What are the prime factors of b?
7, 661
Suppose -n - 36063 = -3*p, 29175 = -4*p - 5*n + 77297. List the prime factors of p.
11, 1093
Let h(x) = -77*x - 27. What are the prime factors of h(-27)?
2, 3, 19
Suppose 0 = -2*h - 3*h - 2*l + 8, 0 = h + 4*l + 2. Suppose 116 = -4*r - 4*q, -3*r = h*r + q + 137. What are the prime factors of 9/(r/(-6)) + 100?
2, 3, 17
Let q = -134 + 31658. What are the prime factors of q?
2, 3, 37, 71
List the prime factors of (-1655)/1324 - (-128002)/8.
3, 5333
Let u(b) = 4*b**2 + 5*b + 6. Let t be u(-3). Suppose -z + t = -111. What are the prime factors of z?
2, 3, 23
Let m = 17 - 56. Let a = m + 260. List the prime factors